Let c = p + 191. Calculate the highest common factor of 26 and c.
26
Suppose -4*s = -c - 14, 6*s - c = s + 18. Suppose -74 = -s*d - 3*w, 5*w = 13 - 3. What is the highest common divisor of d and 51?
17
Let m be (2/(-2))/((-1)/99). Let v(j) = -4*j**2 + 7*j - 4. Let y be v(4). Let c be (-2)/16 + (-365)/y. Calculate the highest common factor of c and m.
9
Let j be 3*-24*33/(-12). What is the highest common factor of j and 180?
18
Suppose 3*o - 6 = o. Suppose -o*s + 20 = 2*s. Calculate the highest common factor of s and 44.
4
Let m be (0 - -1)*(1 - -22). Suppose 2 = -3*v + 11. Suppose -v*o - 3*g = g - 349, 3*g - 348 = -3*o. Calculate the highest common factor of m and o.
23
Let r(o) = -4*o + 22. Suppose -14*g + 11*g - 33 = 0. Let q be r(g). What is the highest common divisor of 33 and q?
33
Suppose 2*k - 8 - 8 = 0. Let t = -14 + 86. Calculate the highest common factor of k and t.
8
Let t(a) = 2*a - 3*a**3 - 4*a + 2*a**3 + 3*a + 4*a**2. Let o = 23 + -20. Let i be t(o). What is the greatest common divisor of i and 18?
6
Let k = 11 + -5. Let c = -12 - -21. Suppose -3*v = -3*r - 90, r - 81 = -3*v + c. What is the highest common factor of k and v?
6
Let h be 153 - (26/91 + (-16)/7). Calculate the greatest common factor of h and 31.
31
Suppose -7*j = 5655 - 8693. Calculate the greatest common divisor of j and 93.
31
Suppose 114 = 3*h + 24. Let q(d) = 10*d - 10. Let n be q(4). What is the greatest common divisor of h and n?
30
Let k be (-456)/(-342) + 92/3. Let l = 90 + -10. Calculate the greatest common divisor of k and l.
16
Let w = -105 - -108. Suppose 3*q - 75 = -4*j, 0 = -0*q + 3*q + j - 66. Suppose -45 = -w*k + q. Calculate the highest common factor of k and 2.
2
Let u = 167 + -149. Calculate the greatest common divisor of 10 and u.
2
Suppose -6*g = -2*g + 12. Let s be g/(3/4) + -2. Let q(u) = -17*u + 3. Let a be q(s). Calculate the highest common divisor of a and 42.
21
Let d be (-2)/(-13) + 1426/26. Suppose 4*o - 9 - 42 = -5*a, -3*a + 3*o + 36 = 0. Calculate the greatest common divisor of a and d.
11
Suppose 0 = -2*o + 2 + 8. Suppose -2*k = -5*n - 12 - 29, -o*k - 5*n + 190 = 0. What is the highest common factor of 3 and k?
3
Let x = 159 + -93. Suppose 3*g + g - x = 2*j, -2*g + 2*j = -36. What is the greatest common factor of g and 6?
3
Let n(x) = -x**2 - 4*x + 3. Let f be n(-4). Suppose -v + 42 = -f*v. Let o = v - -41. Calculate the greatest common factor of 4 and o.
4
Suppose 46 + 5 = 3*n. Let s(j) = -4 + 2 - 7 + 2*j**2 - 19*j - 3. Let f be s(15). Calculate the highest common factor of f and n.
17
Let z = -10 - -21. Let q = z + -11. Suppose s + q*s - 26 = 0. Calculate the greatest common factor of s and 286.
26
Let p(o) = -o**3 - 16*o**2 - 21*o - 21. Let z be p(-15). Calculate the greatest common factor of 1863 and z.
69
Suppose -314 = 3*p + 73. Let j be -1 + p/(-6 + 3). Suppose 3*d + 12 - j = 0. Calculate the highest common factor of d and 10.
10
Let k(f) = f**2 + 25*f + 213. Let a be k(-16). What is the greatest common factor of a and 713?
23
Suppose -3*u = 2*u - 145. Calculate the highest common factor of 29 and u.
29
Suppose 63 = 12*n - 15*n. Let z = n - -26. Let s(d) = -d**3 + 4*d**2 + d + 1. Let m be s(4). Calculate the greatest common factor of z and m.
5
Suppose 1120 = 73*q - 57*q. Let l be (-2 - -2) + -1 + 15. What is the highest common factor of q and l?
14
Let s be (-72)/(-20) + ((-2)/(-5))/1. Let t(v) = 4*v**2 - v - 1. Let k be t(3). Calculate the greatest common factor of s and k.
4
Suppose -4*c + 23 = -3*p - 49, -5*c + 85 = -5*p. Suppose 3*l = 3*v - 4 + 22, -4*v = 0. What is the highest common divisor of c and l?
3
Suppose 4*x - 360 = 8. Let g be -3*((-52)/(-6) + -1). Let j = g + 46. What is the greatest common divisor of j and x?
23
Suppose 5*f - 3*d = 74, -43 + 5 = -2*f - 3*d. Let n(v) = v**3 + 8*v**2 - 29*v - 82. Let l be n(-10). What is the greatest common factor of f and l?
8
Let v = -1 - -6. Let g(h) = h - 8. Let k be g(v). Let b be (k/(-9))/((-2)/(-84)). Calculate the highest common factor of b and 14.
14
Let k be (-2)/(-3 + 7) - (-30)/4. Suppose 2*v + k*y = 2*y + 30, 4*v + 3*y - 46 = 0. Calculate the greatest common divisor of v and 15.
5
Let j(o) = -o**3 + 8*o**2 + 23*o - 110. Let k be j(9). Calculate the greatest common factor of 128 and k.
16
Let b(f) = 2*f - 1. Let g be b(1). Suppose n - 2*z = g, 4*z - 5 = -5*n - z. What is the highest common factor of n and 1?
1
Let i(j) = -121*j**3 - 2*j**2 + 5*j + 6. Let a be i(-1). Calculate the greatest common divisor of a and 40.
40
Let t be 2 - (-1*4 + -2). Let w = -6 + t. Suppose 57 = -7*n + 71. What is the greatest common divisor of n and w?
2
Let y(t) = -2*t**3 - 127*t**2 - 64*t - 44. Let o be y(-63). What is the greatest common factor of 5149 and o?
19
Let y be (5 + -6)/(2/(-64)). Calculate the greatest common divisor of 1696 and y.
32
Suppose -w = w + 3*u - 138, 316 = 4*w - 4*u. Let p be 1362/54 + 4/(-18). What is the highest common divisor of w and p?
25
Let n(k) = 2*k + 1. Let s be n(2). Suppose -15 = -h - s. What is the greatest common factor of h and 30?
10
Let a(g) = g**3 - 18*g**2 + 32*g + 2. Let m be a(16). Let f be (-10)/6*(16/(-10) - m). Calculate the highest common divisor of 48 and f.
6
Let c be (-2 + 8)/(9/6). Let d be (-4)/6 - (-11)/3. Suppose 0 = -3*r + 2*t + 136, d*t + 138 = -3*r + 6*r. Calculate the highest common divisor of c and r.
4
Let z(y) = -y**2 - 6*y - 12. Let h be z(-5). Let d = -5 - h. Suppose -d*x - x = -33. Calculate the highest common divisor of x and 88.
11
Let t(x) = x**2 - 3*x - 20. Let f be t(12). What is the highest common divisor of 44 and f?
44
Let i = 86 - 46. Suppose -60 = -7*b + b. Calculate the highest common divisor of b and i.
10
Suppose -2*l + 74 = -l - 2*g, -5*l + 394 = -2*g. What is the highest common divisor of l and 220?
20
Let d = -1234 + 1238. Calculate the highest common factor of 568 and d.
4
Let u be ((-18808)/(-28))/2 - (-7)/49. Calculate the greatest common factor of u and 48.
48
Let m = 343 - 295. What is the greatest common divisor of 12 and m?
12
Let h = -237 + 295. Calculate the greatest common factor of h and 58.
58
Let x be 3 - 24/16*4/(-6). Suppose -x*u + 0*u + 20 = 0. Calculate the highest common factor of 55 and u.
5
Suppose 4*l - 178 = -2*w, 180 = 3*w - w + 2*l. Let o = 99 - w. What is the greatest common factor of 1 and o?
1
Let k = 13 - 12. Let l(w) = -8*w - 22. Let x be l(-3). Calculate the highest common factor of k and x.
1
Suppose 3*h + f - 14 = 0, 3*h - 2*f + 0 = 17. Let a = -73 + 83. What is the greatest common divisor of h and a?
5
Let b = 145 - 85. Let j be 1/((3/b)/1). Calculate the highest common factor of 20 and j.
20
Let s(r) = -10*r + 38*r + 7*r - 11. Let a be s(7). What is the greatest common factor of a and 26?
26
Suppose -u + 14 = -m - 3*m, -m = 4*u - 39. Suppose 3*l - 80 = u. Calculate the highest common factor of l and 90.
30
Let n = 2538 + -1724. Calculate the greatest common factor of n and 148.
74
Let b(o) = -o - 5. Let l be b(-6). Let r be (l - 0)*(-14 + 25). What is the highest common factor of 110 and r?
11
Let o(s) = -s**3 - 3*s**2 - s + 2. Let g = -14 + 11. Let w be o(g). Suppose -122 = -w*u + 508. Calculate the greatest common divisor of u and 14.
14
Let c(d) = -33*d - 5. Let f(x) = 33*x + 5. Let a(t) = -4*c(t) - 5*f(t). Let n be a(-5). Let h = n + -88. Calculate the highest common divisor of 9 and h.
9
Suppose -4*a + 8 + 56 = 0. Let z = -5 - -5. Suppose -s = 0, -p + s + 9 + a = z. Calculate the highest common divisor of 225 and p.
25
Let d = -55 - -65. Suppose -15 + 0 = -5*k. Suppose k*c - 7*c = -120. What is the greatest common divisor of c and d?
10
Let h(a) = -2*a**3 - 65*a**2 - 33*a + 10. Let w be h(-32). Let v(z) = z**2 + 5*z + 8. Let o be v(-6). What is the greatest common divisor of o and w?
14
Let u be (7/14)/((-2)/16). Let l = 28 - u. Suppose 2*g = -3*o + l, 4*o + 4*g - 3*g - 41 = 0. Calculate the greatest common divisor of o and 80.
10
Suppose 77 + 38 = 5*b. Calculate the greatest common factor of 1127 and b.
23
Let b(i) = -23*i + 2. Let d be b(-2). Suppose f + 0*u = 2*u - 101, 2*u - 212 = 2*f. Let r = -99 - f. What is the greatest common factor of r and d?
12
Let b be (-5005)/(-330) - 5/(-6). Calculate the greatest common divisor of b and 128.
16
Let o = 1102 + -676.